ommon factor of t and c.
4
Let y be (-2 - -3)/1*5. Suppose 0 = -y*p + 50. Suppose 4*b - 4*t = 252, 0*t = 5*b - 4*t - 312. Calculate the greatest common divisor of p and b.
10
Let d(w) = w**2 - 6*w - 3. Let h be d(7). Calculate the highest common factor of 156 and h.
4
Let o = 56 - -32. What is the greatest common factor of 11 and o?
11
Let j = -31 + 37. What is the greatest common divisor of 24 and j?
6
Let w = -4 - -24. Calculate the highest common divisor of 160 and w.
20
Let d = 33 + -20. Let p(n) = n**3 - 4*n**2 + n + 4. Let s be p(3). Let j be s + (41 - 1) + 1. What is the highest common divisor of d and j?
13
Suppose h = 1 - 3. Let v be 0*1/h - -4. What is the highest common factor of v and 8?
4
Let i = -66 + 85. Calculate the greatest common factor of i and 57.
19
Suppose 0 = 5*i - 1 + 11. Let k = i - -2. Suppose -162 = -k*t - 3*t. What is the greatest common factor of 6 and t?
6
Let f(s) = s**2 - 4*s - 1. Let b be -1*3/(-6)*10. Let w be f(b). What is the greatest common factor of 8 and w?
4
Let g(q) = q - 2. Let r = -30 - -47. Let m = r - 12. Let p be g(m). What is the greatest common divisor of 24 and p?
3
Suppose -3*h + 156 = 2*l + l, -2*l + 248 = 5*h. Calculate the highest common factor of 12 and h.
12
Suppose 0 = 14*x - 346 - 662. What is the highest common factor of 36 and x?
36
Let y be -1 + 1 + 0 - -2. Let m = 12 + -8. Suppose -4*z = -5*g - 55, -m*g - 52 = -0*z - 4*z. Calculate the highest common divisor of y and z.
2
Suppose 0 = 4*p + 4, 5*x - 20 = -3*p + 7. Let v(g) = -g**3 + 2*g - 3. Let y be v(-3). What is the highest common divisor of y and x?
6
Suppose 0 = -5*w + 2 + 3. Let g(q) = -q**2 + q + 5. Let l be g(0). Suppose -x = -0*x - l. Calculate the greatest common factor of x and w.
1
Let g(t) = -t + 16. Let l be g(0). Let w be 1 + (-5)/((-10)/8). Suppose -86 = -w*b + 234. What is the highest common divisor of l and b?
16
Let d(g) = 113*g**3 + g - 2. Let s be d(1). What is the highest common factor of 16 and s?
16
Let s be 15 - 15 - (-1 - 197). What is the greatest common divisor of s and 22?
22
Let a = 75 - 45. What is the highest common divisor of 30 and a?
30
Let k be -2 + (18/2 - (-8 - -12)). What is the highest common factor of k and 6?
3
Let z = -4 + 3. Let d be z/(1 + 69/(-66)). Calculate the highest common divisor of 55 and d.
11
Let j be (-3)/(-7) + 654/42. Calculate the greatest common divisor of j and 8.
8
Let o(f) = f**3 + f**2 - f + 3. Let y be o(0). Suppose 192 = 7*r - y*r. Calculate the highest common divisor of 12 and r.
12
Let r be (-206)/(-10) + (-24)/(-10) + -2. What is the greatest common divisor of 3 and r?
3
Let j(i) = -i**3 - 9*i**2 - 3*i - 7. Let n be j(-9). Calculate the greatest common divisor of n and 60.
20
Let l(r) = r**3 + 8*r**2 + 13*r + 4. Let i be l(-5). Let d = 321 - 209. What is the highest common divisor of i and d?
14
Suppose -4*o = -m - 279, -2*o - 4*m - 39 = -183. Suppose 4*y = -3*u + 5*u - 56, u - 3*y - 28 = 0. Calculate the highest common factor of u and o.
14
Let j = -169 + 281. Calculate the highest common divisor of j and 16.
16
Let n(a) = 5*a**2 - 7*a + 5. Let x be n(5). Calculate the greatest common divisor of 38 and x.
19
Suppose -31 = -11*z + 79. What is the greatest common factor of 50 and z?
10
Let j(x) = -x**2 + 7*x - 6. Let g be j(6). Let f = g + 16. Calculate the highest common factor of 80 and f.
16
Suppose -12*q = -7*q - 65. Let y(p) = -6*p + 1. Let o be y(-2). What is the highest common factor of q and o?
13
Let m(i) = -i**3 - i**2 + i - 1. Let a be m(-4). Let f = 62 - a. Calculate the greatest common divisor of f and 152.
19
Suppose j = -1 + 6. Suppose j*q = 3*q + 16. Let h = 129 - 89. What is the greatest common divisor of q and h?
8
Let c(k) = 212*k. Let d be c(1). Let s = d - 52. Calculate the highest common divisor of s and 64.
32
Let z = 78 - 51. Suppose -5*c + b = -42, -3*c + 47 = 2*b + 14. Calculate the greatest common divisor of z and c.
9
Let f(a) = -7*a - 86. Let j be f(-14). What is the greatest common divisor of j and 324?
12
Let x be ((-1)/(-2))/((-2)/8). Let i(v) = -22*v**2 + v - 1. Let p be i(x). Let m = -61 - p. What is the highest common divisor of 10 and m?
10
Let y be (5 + 3)*3/6. Suppose 7*c - 59 = 2*c + y*v, v = 4. Calculate the highest common divisor of 10 and c.
5
Let h(y) = y + 12. Let j be h(0). Suppose 0 = -3*p + a + 19, 0 = 5*a - 18 - 7. What is the highest common factor of p and j?
4
Suppose 5 = 4*z - w, 1 = -5*z + 4*z - 2*w. Let r be (-3)/z + 1 - -107. Calculate the highest common divisor of 15 and r.
15
Let y be ((-6)/(-4) - 0) + (-9)/(-2). What is the highest common divisor of 114 and y?
6
Let t be -4 + 0 + 2/2. Let f(o) = -3*o + 4. Let d be f(t). Suppose -3*r = 2*r - 325. Calculate the greatest common factor of d and r.
13
Suppose 2 + 3 = s. Suppose 2*y - 1 = s. Suppose -c + h + 7 = 0, y*c = -7*h + 3*h + 35. What is the highest common divisor of 6 and c?
3
Suppose -2*d + 0 - 4 = 0. Let c be d - 0 - (-9 + 1). Suppose -7*b = -3*b + 8, c = 3*t + 3*b. What is the highest common factor of 4 and t?
4
Suppose v = 34 - 8. What is the greatest common divisor of 26 and v?
26
Let f(q) = 19*q**3 + 1. Let h be f(1). Calculate the highest common divisor of h and 4.
4
Let w be (-9)/3 + 5 + 13. Suppose -4*f + k = -29, -3*f - 2*k = -5*k - w. What is the highest common divisor of 56 and f?
8
Suppose -4*u + 0 = -252. Suppose 2*z - 28 = 14. Calculate the greatest common divisor of z and u.
21
Let f be ((-54)/(-4))/((-2)/(-4)). Calculate the greatest common divisor of f and 108.
27
Suppose -5*a = -a - 240. Let l = -5 + 17. Calculate the highest common divisor of l and a.
12
Let y(n) = -n**2 - 7*n - 2. Let t be y(-7). Let p be t - (-2 - -2) - -39. Let i = -24 + p. What is the highest common factor of i and 13?
13
Let i(v) = v - 1. Let u be i(3). Let d be 2/(264/129 - u). Let m = d + -31. What is the greatest common divisor of 12 and m?
12
Let j be (390/120)/((-2)/(-8)). What is the highest common divisor of j and 117?
13
Suppose 7*l = 3*l. Suppose l = -k + 2*k - 5. Let s be ((-6)/k)/(2/(-20)). What is the greatest common divisor of 30 and s?
6
Let y = -8 + 8. Suppose 3*u - 3*v = 0, 2*u + y*v - 4*v = 0. Suppose i = -p + 87, u = -0*p + 3*p + i - 267. Calculate the greatest common factor of p and 36.
18
Let r be (-12)/2*5/3. Let m be ((-8)/10)/(4/(-110)). Let s = r + m. Calculate the highest common divisor of 132 and s.
12
Let l be (-3)/(9/(-48)) - -3. What is the greatest common divisor of 57 and l?
19
Let k be (-373)/(-5) + (-22)/(-55). What is the greatest common divisor of 30 and k?
15
Let c(f) = f**3 - 3*f**2 - 2. Let p be c(4). Let x be (-2 + (-15)/(-6))*p. What is the greatest common divisor of 56 and x?
7
Let f be (1 - 0) + 3 + -1. Let a(i) = i**3 - 13*i**2 - 14*i + 2. Let h be a(14). Suppose f*m = 35 - h. Calculate the highest common factor of 11 and m.
11
Let h be (0 + (-21)/2)*(-56)/42. Calculate the greatest common divisor of h and 112.
14
Let h(x) = x**3 - 3*x**2 + 3*x - 5. Let g be h(5). Let o be (-4)/(-14) + 332/14. Calculate the greatest common factor of o and g.
12
Suppose -5*m - 5*i + 255 = 0, -5*m + 0*i = -i - 261. Calculate the highest common divisor of m and 130.
26
Let z(j) = -j**2 - 6*j + 2. Let f be z(-6). Suppose 2*i + 5*k + 9 = 0, 2*k + 4 = -f*i - 2*k. Calculate the highest common divisor of i and 80.
8
Let h be (1/(-3))/(2/114). Let k be (-3)/(-12) - h/4. What is the highest common factor of 25 and k?
5
Let j = -7 + 9. Let f be j - 6/2 - 1. Let h be (-1)/f*-2*-19. What is the highest common factor of h and 76?
19
Let n = -1 + 1. Suppose n = 4*c + 192 - 56. Let l = c + 47. What is the greatest common factor of 91 and l?
13
Let w(x) = x**3 + 6*x**2 - 9*x - 8. Let z be w(-7). Let j(m) = 3*m - 2. Let h be j(z). What is the greatest common divisor of 64 and h?
16
Suppose 5*u - 13 = -4*a + 20, 3*a - 27 = -3*u. Let b be 2/(-4) + (-265)/(-2). Calculate the highest common divisor of a and b.
12
Let n(t) be the second derivative of -t**5/20 + t**4/3 + 2*t**2 + t. Let p be n(4). Let r = -26 - -46. What is the greatest common factor of r and p?
4
Let b(i) = -i**3 + 5*i**2 - 2*i + 2. Let s be b(2). What is the highest common factor of s and 70?
10
Suppose -4*p + 3 = -5. What is the highest common factor of 1 and p?
1
Let n = 1 - -4. Suppose n*